or of 2 and h.
1
Suppose 2*o = -o + 87. Let w = -205 - -224. Let u = o - w. What is the greatest common divisor of u and 15?
5
Suppose 4*c - 4*s = 28, -c - 17 = -3*c + 5*s. Calculate the highest common divisor of 354 and c.
6
Let w(x) = -2*x**2 + 25*x - 13. Let u be ((-8)/(-20))/(4/5)*22. Let n be w(u). What is the greatest common divisor of 140 and n?
20
Let k be (-20)/(-30)*(-10 - -1) - -122. Calculate the greatest common factor of k and 4.
4
Let z be -2 + (-20)/(-11) + (-70722)/(-198). Calculate the greatest common divisor of 7 and z.
7
Suppose 173*u - 169*u = -5*d + 1460, 5*d = 20. What is the greatest common factor of 24 and u?
24
Let k be 20/(((-1)/2)/(-1)). Let j be (528/110)/(4/50 + 0). Calculate the greatest common divisor of j and k.
20
Let r(v) be the second derivative of -v**3/2 - 11*v**2 - 7*v. Let o be r(-13). What is the highest common divisor of 68 and o?
17
Let f be ((-8)/5)/((-18)/(-135)). Let q be f/10 + 1/5. Let p be q - (1 + 0 + -3). What is the greatest common factor of p and 3?
1
Suppose 2*p - 159 - 33 = 0. What is the highest common divisor of 72 and p?
24
Let l(w) = 3*w**2 - 3*w - 27. Let t be l(7). Calculate the greatest common factor of t and 9.
9
Let b be (-85 - 11)/(10/(-5)). Calculate the greatest common factor of 1824 and b.
48
Let t = -34 - -17. Let q be t/34*22*-1. Calculate the highest common factor of 11 and q.
11
Suppose -j + 2 = 0, 2*k = -0*k + 5*j + 4. Suppose -k*o = -19*o + 4560. Calculate the highest common divisor of o and 20.
20
Suppose -2*r + 58 = h, 3*r - 73 = -0*r + 2*h. Let c = 35 - r. What is the greatest common divisor of 20 and c?
4
Suppose -12*k + 82 = -182. Suppose -6 = -0*o - o + 5*m, 5*o = -m + 56. What is the greatest common divisor of o and k?
11
Suppose -2*w = 3*j - 457, 2*w = -8 - 0. Let l be (2 - 2/4)*2. Suppose -296 + 52 = -4*v - n, 2*n = -l*v + 178. What is the highest common divisor of j and v?
31
Let y(c) = -c**3 - 4*c**2 + c - 5. Let t = 16 - 21. Let p be y(t). What is the highest common divisor of 120 and p?
15
Let n(g) = 4*g + 32. Let j be n(-2). What is the highest common factor of 6 and j?
6
Let z(g) = 7*g - 7. Let k be z(7). Let v be (42/(-5))/(-7)*5. What is the highest common factor of v and k?
6
Suppose 9*f - 4*f = 0. Let g = -252 + 267. Let p = g + f. Calculate the highest common divisor of 6 and p.
3
Let b = -3 - -5. Let q be (-34 + -6)*4/(-10). Calculate the greatest common divisor of q and b.
2
Suppose 9*g = 15*g - 720. Calculate the highest common divisor of g and 24.
24
Suppose 0 = 5*u + 145 - 420. Calculate the highest common divisor of u and 88.
11
Let f = -260 + 302. What is the greatest common factor of 98 and f?
14
Let v be -3*(1 + -2) + 1. Let z(s) = 2*s**3 - 4*s**2 + 13*s - 1. Let r be z(v). Calculate the highest common factor of 46 and r.
23
Let c(j) = -j**3 + 8*j**2 - 4*j + 3. Let w be c(6). Let x = -39 + w. Calculate the highest common divisor of 60 and x.
12
Suppose -434 - 76 = -5*s. Let p = 144 - s. Let h(u) = u**3 + 6*u**2 + 3*u + 3. Let d be h(-3). What is the highest common divisor of p and d?
21
Suppose 8*k + 744 = 14*k. Calculate the greatest common divisor of 186 and k.
62
Let t be ((-45)/2)/((370/(-12))/37). Suppose -1 = -3*y + 8, 5*v - 2*y - 4 = 0. Suppose n - 5 = -v. Calculate the highest common divisor of t and n.
3
Suppose 3*g - 5*g = -2*m - 40, -3*m - 9 = 0. Let s be (-42)/(-30) + (-4)/10 + g. What is the greatest common divisor of 126 and s?
18
Suppose -9*s + 2361 = 219. What is the greatest common factor of s and 28?
14
Suppose -5*w = -2*d + 9, -d = -w - 2*d - 6. Let y be -163 - (w + 3 + -4). Let j = y - -269. What is the highest common factor of j and 10?
10
Let n(f) = f**2 - 1. Let z be n(0). Let w be (z/2)/(2/(-44)). Suppose 5*s - 70 - 40 = 0. What is the greatest common divisor of s and w?
11
Let w = 5 + -2. Suppose w*s + 2*k + 0 = 17, 28 = 2*s - 2*k. Suppose -200 - 1096 = -16*y. What is the highest common divisor of s and y?
9
Let y(c) be the second derivative of -c**4/4 + 4*c**3 - c**2/2 - 15*c. Let k be y(7). Calculate the highest common divisor of k and 60.
20
Let b(f) = f**3 + 54*f**2 - 247*f - 72. Let c be b(-58). What is the greatest common divisor of c and 63?
21
Let y = 700 - 660. Suppose -4*f + 2*z - 130 = -30, -4*z = -3*f - 65. Let a = f + y. Calculate the greatest common divisor of 117 and a.
13
Suppose 0 = -3*d - 0*b - 5*b + 451, -4*b + 452 = 3*d. What is the greatest common divisor of 16 and d?
8
Let g = 127 + -89. Calculate the highest common divisor of 304 and g.
38
Let n(o) = -954*o + 345. Let t(g) = -119*g + 43. Let v(y) = 4*n(y) - 33*t(y). Let q be v(6). Calculate the highest common divisor of q and 57.
57
Suppose -693 = 18*h - 1647. Calculate the greatest common factor of 477 and h.
53
Suppose j - 4*y = 104, 0 = -2*j + 4*y - 2*y + 238. Suppose -q - 3*u + 21 + 19 = 0, -4*q + 4*u + 112 = 0. Calculate the greatest common factor of q and j.
31
Suppose 6 - 16 = -h. Suppose 0 = 9*p - 15066 + 15030. Calculate the highest common divisor of h and p.
2
Suppose -453 = -9*n - 183. What is the greatest common factor of n and 162?
6
Let j(p) = 25*p**2 + 5*p + 2. Let v = -10 + 7. Let d be j(v). Suppose 5*h - d = 2*z + 1006, 16 = -4*z. What is the greatest common divisor of h and 22?
22
Suppose 0 = m + 4*f - 20 + 7, m = -3*f + 12. Let g(c) = -c**3 + 8*c**2 + 10*c - 5. Let p be g(m). Calculate the greatest common factor of 44 and p.
4
Let z = -213 + 258. What is the greatest common factor of 135 and z?
45
Suppose 2*r = -71 + 45. Let q(m) = -6*m + 3. Let c be q(r). Calculate the highest common factor of c and 27.
27
Let q(z) = 8*z + 1. Let d be q(4). Suppose -57 = -3*r + d. Let n = -2277 + 2292. What is the greatest common factor of r and n?
15
Let x be (-2 - (-432)/(-6))*(-69)/6. What is the highest common divisor of 37 and x?
37
Let c(t) = -2*t - 27. Let s be c(-11). Let m be (-40)/(-16)*(-24)/s. What is the greatest common divisor of m and 36?
12
Let v be 40/(-260) - (-37338)/13. What is the greatest common factor of v and 8?
8
Suppose d - 4*j = 44, 5*j + 133 = 3*d + 29. Calculate the highest common divisor of d and 7.
7
Let d be 0 + (-90)/(-5) + 10. What is the highest common factor of 350 and d?
14
Let d be (-2)/(-5) - ((-160)/(-25) + -5). Let m(s) = -13*s**3 + 1. Let n be m(d). What is the highest common factor of 35 and n?
7
Suppose 5 = -y - 4*z, 3*z = y + z - 7. Let j be (9 - -1) + (y - 5). Let p be -1 + -30*(0 - 1) + 3. Calculate the greatest common factor of p and j.
8
Suppose -19*c + 2400 = -16*c. Suppose c = 7*y - 3*y. Suppose -n - y = -5*n. What is the highest common factor of 10 and n?
10
Let g = 69 + 51. Calculate the greatest common factor of 15 and g.
15
Let y = -8 - -8. Let n(g) = g**2 - g + 4. Let k be n(y). Suppose k*a + 115 = 5*a. Calculate the greatest common divisor of 46 and a.
23
Suppose h - 24 + 21 = 0. Let a(n) = -2*n**3 + 10*n**2 + 2. Let d be a(h). What is the greatest common factor of d and 38?
38
Suppose -10*x = -4*x - 3324. Let h = x - 359. Calculate the highest common factor of h and 15.
15
Suppose -6*n + n = -50. Let u(m) = 108*m + 10 - 219*m + 110*m. Let i be u(-5). What is the highest common factor of i and n?
5
Let k be -1 - 0 - 4*75/(-10). What is the highest common factor of k and 203?
29
Let k be (-3 - 3) + 1120/16. What is the highest common factor of 16 and k?
16
Let o be 144/18 + (-280)/(-5). What is the highest common factor of o and 24?
8
Let t be 6209/21 - 5/(-15)*1. Calculate the highest common factor of t and 37.
37
Let k = -7 + 17. Suppose 14 = 3*y + 2*y + a, -14 = -3*y + 5*a. Suppose -y*c + 36 - 6 = 0. What is the greatest common factor of k and c?
10
Suppose h - 3*k = -2, k = -h + 6*k - 6. Suppose 5*f - f - 3*u - 65 = 0, f + u = 11. Let t = f - h. What is the highest common divisor of 110 and t?
10
Suppose -218 = -4*c + 370. Calculate the greatest common factor of 42 and c.
21
Suppose 135*y = 137*y - 256. Calculate the highest common divisor of 16 and y.
16
Suppose 2*b - 220 = g, -2*g - 3*g = -b + 128. Suppose -271 + 85 = -3*v. Let y = v - 50. Calculate the highest common divisor of b and y.
12
Let g(b) = b**3 - 2*b**2 - 7*b - 3. Let q be g(4). Let d be q*(-4 + 0 + 15). Let u be 4/(-10) + 831/15. What is the greatest common factor of d and u?
11
Suppose -98 = b - 2*b. Let l = -88 +